In base 15, what is -c + -d9e?
-dab
In base 15, what is 2 - 4c?
-4a
In base 15, what is -5 + 6b?
66
In base 7, what is 2 - -23?
25
In base 4, what is -1023 - -31?
-332
In base 11, what is -69 + -8?
-76
In base 3, what is 2211 - -1?
2212
In base 15, what is -4 + 38?
34
In base 13, what is 235 - 2?
233
In base 6, what is -5 + -215?
-224
In base 11, what is 1615 - -4?
1619
In base 3, what is 10 - 20?
-10
In base 13, what is 4 - -146?
14a
In base 6, what is -23414 - -5?
-23405
In base 7, what is 10 - -53?
63
In base 5, what is 3 + 3134?
3142
In base 3, what is -120 + 1012?
122
In base 6, what is -4 - -243?
235
In base 6, what is -1113 - 2?
-1115
In base 6, what is -2401 - 1?
-2402
In base 16, what is e119 - 0?
e119
In base 5, what is 3 + 321?
324
In base 10, what is 672 - -5?
677
In base 6, what is -1 - -12141?
12140
In base 2, what is 101 - -111010?
111111
In base 9, what is -4 - 11?
-15
In base 2, what is 101000 - -1001011?
1110011
In base 8, what is 12 + 47?
61
In base 2, what is -11000110101 - 100?
-11000111001
In base 16, what is 85 - -5?
8a
In base 2, what is 1001001110111 - 0?
1001001110111
In base 4, what is -3 - 2022?
-2031
In base 5, what is -32 - -2?
-30
In base 9, what is -48 + 13?
-35
In base 6, what is 2 + 4?
10
In base 15, what is -b - -25?
19
In base 8, what is -5341 + 1?
-5340
In base 11, what is -23 - 3?
-26
In base 7, what is -1 - -3134?
3133
In base 8, what is 111 - -124?
235
In base 6, what is 2354 + 5?
2403
In base 7, what is 1646 - -1?
1650
In base 9, what is -1743 + 4?
-1738
In base 8, what is 605 - -20?
625
In base 8, what is -3 - -422?
417
In base 10, what is -7 + 162?
155
In base 8, what is -377 - -1?
-376
In base 15, what is -25 - 4d?
-73
In base 14, what is 84 + c?
92
In base 2, what is -11001 + 100100001?
100001000
In base 5, what is 3 + 112?
120
In base 4, what is 32 - 20030?
-13332
In base 9, what is -321 + -4?
-325
In base 2, what is -1000001 - 1010?
-1001011
In base 7, what is -5 + 212?
204
In base 6, what is -12112 + 1?
-12111
In base 8, what is 21 + -5?
14
In base 15, what is 65d + a?
668
In base 12, what is a + a?
18
In base 10, what is 28 + 459?
487
In base 12, what is -3 - -28?
25
In base 3, what is 2 + 22122?
22201
In base 11, what is 39 - 5?
34
In base 8, what is 2170 + 4?
2174
In base 3, what is 210010 - 10?
210000
In base 12, what is -87 - -b?
-78
In base 15, what is -34 - -13?
-21
In base 11, what is 73 - 4?
6a
In base 5, what is -12 + 14221?
14204
In base 4, what is -3 + -101?
-110
In base 5, what is -1104 + 1?
-1103
In base 15, what is -3 - 3b?
-3e
In base 4, what is 212200 - 3?
212131
In base 16, what is 6 + -a?
-4
In base 4, what is 322 + -2130?
-1202
In base 4, what is -10 - -123133?
123123
In base 16, what is 1 + 4d?
4e
In base 3, what is 21 - 101221?
-101200
In base 9, what is -1 + -60?
-61
In base 12, what is -a2 + 6?
-98
In base 12, what is 9 - -59?
66
In base 6, what is -1043 - -2?
-1041
In base 15, what is -2 - 771?
-773
In base 7, what is -156 - -50?
-106
In base 5, what is 322140 + 2?
322142
In base 2, what is 100 - -1111100?
10000000
In base 8, what is 223 - 15?
206
In base 6, what is 102033 + -3?
102030
In base 5, what is 10132 + -4?
10123
In base 14, what is 3 + 178?
17b
In base 9, what is 14 + -21?
-6
In base 14, what is -8c + 5?
-87
In base 11, what is -3 + -4767?
-476a
In base 8, what is -203 + -4?
-207
In base 12, what is -166 + -2?
-168
In base 9, what is -22 + 6?
-15
In base 4, what is 0 + -1033?
-1033
In base 3, what is -20 - -12?
-1
In base 13, what is 68 - -18?
83
In base 3, what is 11 + -20120112?
-20120101
In base 4, what is 10 - 10010?
-10000
In base 10, what is 14 - 11?
3
In base 16, what is -6 + -abf?
-ac5
In base 2, what is 111101 + -11?
111010
In base 15, what is -2 + 57?
55
In base 5, what is -2 + -34323?
-34330
In base 10, what is -6 + -115?
-121
In base 14, what is -70 + -2?
-72
In base 9, what is -272 + 0?
-272
In base 13, what is -1 + -90?
-91
In base 7, what is 5 + -3111?
-3103
In base 5, what is 0 + -323?
-323
In base 15, what is 3 + -1e?
-1b
In base 3, what is -12 - 2022010?
-2022022
In base 16, what is 0 + -3e?
-3e
In base 6, what is -3402 + 0?
-3402
In base 15, what is 5ab - 4?
5a7
In base 5, what is -21422 - 1?
-21423
In base 2, what is -1000101111 + -11?
-1000110010
In base 13, what is 1 - -17?
18
In base 5, what is 14 + -41?
-22
In base 14, what is -97 - -4?
-93
In base 9, what is 0 - 27?
-27
In base 10, what is 1 - -207?
208
In base 13, what is -1 + bb?
ba
In base 8, what is 11174 - -3?
11177
In base 16, what is -1a + -2a?
-44
In base 14, what is 1 + -336?
-335
In base 16, what is -3f79 + 2?
-3f77
In base 9, what is 5 - 5?
0
In base 14, what is -2a1d + 1?
-2a1c
In base 8, what is -23 - 34?
-57
In base 8, what is 4 - 2427?
-2423
In base 4, what is -10 + -2001?
-2011
In base 6, what is -1000 - 4?
-1004
In base 16, what is -5a - 1?
-5b
In base 13, what is 6b - 2?
69
In base 15, what is -29 - 0?
-29
In base 13, what is a0a - 5?
a05
In base 6, what is -412 + 3?
-405
In base 13, what is 6 + -381?
-378
In base 8, what is -36 + 22?
-14
In base 13, what is -251 + 14?
-23a
In base 16, what is -13 - -15?
2
In base 16, what is -2fb - -3?
-2f8
In base 5, what is -20340 + -14?
-20404
In base 16, what is 1 + 264?
265
In base 11, what is -261 - -2?
-25a
In base 10, what is 2 - 453?
-451
In base 2, what is -1011010010 - 101?
-1011010111
In base 11, what is -10 + -1?
-11
In base 7, what is 3 - -5223?
5226
In base 11, what is -121 - 7?
-128
In base 10, what is 13381 - 3?
13378
In base 9, what is 0 - 20?
-20
In base 10, what is 159 - 22?
137
In base 7, what is 1300 - 100?
1200
In base 16, what is 2a6 - -8?
2ae
In base 16, what is 8 - 2e?
-26
In base 16, what is 2 + 40?
42
In base 15, what is -1 + -362?
-363
In base 6, what is 323 + -4?
315
In base 8, what is -77 + -46?
-145
In base 8, what is -11 + -706?
-717
In base 8, what is -135 - -1?
-134
In base 14, what is 8d + -40?
4d
In base 16, what is 16 - 6?
10
In base 11, what is -6 - -203?
1a8
In base 10, what is -168 + -4?
-172
In base 6, what is -232 - -13?
-215
In base 6, what is -3 + 23514?
23511
In base 4, what is -10 - 1300?
-1310
In base 8, what is -2 + 4?
2
In base 7, what is 323146 - -5?
323154
In base 8, what is 1027 + 4?
1033
In base 5, what is -33 + 4?
-24
In base 7, what is 5114 + -2?
5112
In base 9, what is -3280 + 3?
-3276
In base 15, what is -1037 + -1?
-1038
In base 11, what is 122 - 15?
108
In base 12, what is -3134 + -2?
-3136
In base 2, what is -101 - -111111?
111010
In base 15, what is 4c + -130?
-d3
In base 7, what is -114 + -32?
-146
In base 2, what is -110 - 11?
-1001
In base 16, what is 3 - -50d?
510
In base 4, what is 23 + 1303?
1332
In base 5, what is -1011 + -32?
-1043
In base 2, what is -10100000111 + 111?
-10100000000
In base 11, what is -a5a - 5?
-a64
In base 10, what is 321 + -5?
316
In base 16, what is 25f + -9?
256
In base 12, what is -3 + 252?
24b
In base 9, what is -6 + 3577?
3571
In base 4, what is 211 + 3?
220
In base 16, what is 5be - 5?
5b9
In base 11, what is -60 - a?
-6a
In base 9, what is -256 + -16?
-273
In base 6, what is -2 + 242?
240
In base 10, what is 4 - -113?
117
In base 2, what is -10001 + 10110?
101
In base 14, what is -b + -70?
-7b
In base 6, what is 230 - 104?
122
In base 4, what is -10113 + 13?
-10100
In base 8, what is -167 + -57?
-246
In base 9, what is -30 - 17?
-47
In base 12, what is -7 + -12?
-19
In base 12, what is 166 - -1a?
184
In base 3, what is -1 + 11121?
11120
In base 3, what is 11 - -1020?
1101
In base 4, what is -110312 + 12?
-110300
In base 5, what is -2224 + 3?
-2221
In base 9, what is 605 - 0?
605
In base 9, what is -41 - -147?
106
In base 5, what is -2 - 30414?
-30421
In base 13, what is -1 + -49?
-4a
In base 15, what is -3a - 3?
-3d
In base 8, what is 4 + 3365?
3371
In base 8, what is 1044 + -13?
1031
In base 3, what is -11 + -21201?
-21212
In base 2, what is 10011111 + 10011?
10110010
In base 14, what is 1 - -1cc?
1cd
In base 14, what is 5 + -322?
-31b
In base 7, what is -201 - -2?
-166
In base 8, what is -2245 - -2?
-2243
In base 16, what is -32 - -12?
-20
In base 3, what is -1020020 - -2?
-1020011
In base 12, what is b9 - -22?
11b
In base 3, what is -102021 - 10?
-102101
In base 6, what is -30 + 342?
312
In base 8, what is 2 + 15?
17
In base 4, what